test common factor of 19 and 6?
1
Calculate the highest common factor of 4 and 36.
4
Calculate the highest common factor of 12 and 258.
6
Calculate the greatest common factor of 329 and 188.
47
What is the highest common factor of 4050 and 162?
162
What is the greatest common divisor of 28266 and 84?
42
What is the highest common divisor of 16 and 2152?
8
What is the greatest common factor of 375 and 10275?
75
What is the highest common factor of 255 and 1955?
85
Calculate the greatest common factor of 2784 and 912.
48
Calculate the highest common divisor of 3835 and 325.
65
Calculate the highest common divisor of 472 and 12.
4
What is the greatest common factor of 288 and 16?
16
What is the highest common divisor of 3283 and 335?
67
Calculate the greatest common factor of 1547 and 1729.
91
Calculate the greatest common factor of 190 and 20786.
38
What is the greatest common divisor of 48 and 1998?
6
Calculate the greatest common factor of 220 and 506.
22
What is the highest common divisor of 12649 and 26?
13
What is the greatest common factor of 51 and 1071?
51
What is the highest common divisor of 72 and 5292?
36
What is the highest common factor of 37 and 592?
37
What is the highest common factor of 140 and 260?
20
Calculate the highest common divisor of 12 and 124.
4
What is the greatest common factor of 782 and 46?
46
What is the greatest common factor of 516 and 162?
6
Calculate the greatest common divisor of 465 and 129.
3
What is the greatest common divisor of 128 and 4?
4
What is the greatest common divisor of 2432 and 38?
38
What is the greatest common factor of 96 and 24?
24
What is the highest common divisor of 1540 and 847?
77
Calculate the greatest common factor of 120 and 1740.
60
Calculate the highest common divisor of 80 and 256.
16
Calculate the greatest common divisor of 672 and 1664.
32
What is the highest common factor of 3010 and 210?
70
What is the highest common factor of 141 and 1363?
47
Calculate the highest common divisor of 72 and 8.
8
Calculate the highest common factor of 1675 and 1943.
67
Calculate the greatest common divisor of 10 and 305.
5
Calculate the highest common factor of 54 and 936.
18
What is the greatest common factor of 801 and 1157?
89
What is the highest common divisor of 440 and 352?
88
What is the highest common divisor of 744 and 912?
24
What is the greatest common factor of 180 and 20?
20
What is the greatest common factor of 2070 and 105?
15
What is the greatest common factor of 368 and 5336?
184
What is the highest common divisor of 505 and 101?
101
What is the greatest common divisor of 1660 and 20?
20
Calculate the greatest common divisor of 13 and 48958.
13
Calculate the highest common factor of 416 and 221.
13
What is the highest common factor of 740 and 20?
20
What is the highest common factor of 92 and 11799?
23
Calculate the highest common divisor of 170 and 1241.
17
Calculate the greatest common divisor of 135 and 540.
135
Calculate the greatest common divisor of 28 and 8.
4
Calculate the greatest common divisor of 455 and 2457.
91
Calculate the highest common factor of 2650 and 100.
50
What is the highest common divisor of 50 and 4150?
50
What is the highest common divisor of 126 and 168?
42
Calculate the greatest common divisor of 3159 and 27.
27
Calculate the highest common factor of 3772 and 138.
46
Calculate the highest common factor of 108 and 144.
36
What is the greatest common divisor of 12 and 3228?
12
What is the greatest common divisor of 1704 and 16?
8
What is the greatest common factor of 99880 and 440?
440
Calculate the highest common factor of 714 and 153.
51
Calculate the greatest common factor of 25 and 295.
5
What is the highest common divisor of 58 and 1305?
29
Calculate the highest common factor of 3102 and 66.
66
What is the greatest common factor of 13673 and 113?
113
Calculate the greatest common factor of 405 and 90.
45
Calculate the greatest common factor of 213 and 33.
3
Calculate the greatest common factor of 42 and 2457.
21
Calculate the highest common factor of 105 and 21.
21
Calculate the highest common divisor of 118 and 177.
59
What is the highest common divisor of 670 and 160?
10
Calculate the greatest common factor of 143 and 781.
11
What is the highest common divisor of 1564 and 68?
68
Calculate the highest common divisor of 22 and 1562.
22
Calculate the highest common divisor of 36 and 66.
6
Calculate the highest common factor of 639 and 81.
9
What is the greatest common factor of 1425 and 114?
57
What is the greatest common factor of 1107 and 27?
27
What is the highest common factor of 968 and 22?
22
What is the highest common divisor of 779 and 369?
41
Calculate the greatest common factor of 99 and 253.
11
What is the greatest common divisor of 459 and 54?
27
What is the highest common divisor of 180 and 140?
20
Calculate the greatest common factor of 78 and 104.
26
Calculate the greatest common factor of 255 and 30.
15
What is the greatest common divisor of 14 and 8078?
14
Calculate the highest common factor of 496 and 208.
16
Calculate the greatest common factor of 159 and 371.
53
What is the greatest common divisor of 425 and 100?
25
Calculate the highest common divisor of 294 and 231.
21
What is the highest common divisor of 323 and 209?
19
Calculate the greatest common factor of 4893 and 21.
21
Calculate the highest common divisor of 1351 and 14.
7
Calculate the highest common factor of 326 and 22.
2
What is the highest common divisor of 5 and 6765?
5
What is the greatest common divisor of 1211 and 3287?
173
Calculate the greatest common divisor of 45 and 960.
15
Calculate the greatest common factor of 126 and 423.
9
What is the highest common factor of 231 and 385?
77
Calculate the highest common divisor of 3161 and 29.
29
Calculate the greatest common factor of 2 and 8.
2
Calculate the greatest common factor of 85 and 578.
17
What is the greatest common factor of 12392 and 40?
8
What is the greatest common factor of 1024 and 7936?
256
Calculate the highest common factor of 312 and 30.
6
What is the greatest common factor of 3354 and 42?
6
Calculate the highest common divisor of 1240 and 80.
40
Calculate the highest common factor of 248 and 31.
31
What is the greatest common divisor of 1452 and 44?
44
What is the highest common divisor of 150 and 675?
75
What is the highest common factor of 99 and 22?
11
Calculate the greatest common factor of 18 and 102.
6
What is the highest common factor of 91 and 26?
13
What is the greatest common factor of 2382 and 6?
6
What is the highest common factor of 135 and 81?
27
Calculate the highest common divisor of 9 and 3123.
9
Calculate the greatest common factor of 12079 and 257.
257
Calculate the highest common factor of 125750 and 50.
50
Calculate the highest common factor of 6 and 226.
2
What is the highest common factor of 2356 and 2480?
124
Calculate the greatest common divisor of 460 and 160.
20
Calculate the greatest common factor of 15 and 1995.
15
Calculate the greatest common factor of 25 and 63300.
25
What is the highest common factor of 12 and 28?
4
What is the highest common divisor of 99 and 792?
99
Calculate the greatest common divisor of 79 and 553.
79
What is the highest common factor of 284 and 71?
71
What is the greatest common factor of 90 and 2115?
45
What is the highest common divisor of 354 and 236?
118
Calculate the greatest common factor of 30 and 490.
10
Calculate the highest common divisor of 12 and 1902.
6
What is the highest common divisor of 785 and 10?
5
Calculate the greatest common factor of 120 and 270.
30
What is the highest common factor of 668 and 4?
4
What is the greatest common factor of 16 and 176?
16
Calculate the greatest common factor of 260 and 100.
20
Calculate the highest common factor of 96 and 256.
32
Calculate the highest common factor of 12 and 8796.
12
What is the greatest common factor of 544 and 68?
68
What is the greatest common factor of 72 and 600?
24
What is the greatest common factor of 140 and 56?
28
Calculate the greatest common factor of 781 and 142.
71
What is the highest common factor of 63 and 180?
9
What is the highest common divisor of 24621 and 87?
87
Calculate the highest common divisor of 4 and 108.
4
What is the greatest common fac